Is 800504477 composite?
False
Is 12044467 composite?
True
Is 109782497 composite?
True
Is 2959253 composite?
True
Is 3267317 a prime number?
True
Is 2536301 a prime number?
False
Is 342855659 a prime number?
True
Is 2220817 a prime number?
False
Is 255077 a prime number?
True
Is 52023707 a prime number?
True
Is 598847 a prime number?
False
Is 105974353 a prime number?
True
Is 30245101 a composite number?
False
Is 228687623 prime?
True
Is 45603517 a composite number?
False
Is 21505399 a prime number?
False
Is 66066043 prime?
True
Is 1469201 a composite number?
False
Is 11495801 a composite number?
True
Is 1912829 prime?
True
Is 83573 composite?
True
Is 2781217 a composite number?
True
Is 23106929 a composite number?
True
Is 12817279 composite?
True
Is 1218367 composite?
False
Is 6734386 composite?
True
Is 59359871 prime?
True
Is 11230939 composite?
False
Is 510427 a composite number?
True
Is 142701341 composite?
True
Is 470131 prime?
True
Is 49469951 prime?
True
Is 13388741 a composite number?
True
Is 23136467 composite?
False
Is 6386711 a prime number?
True
Is 293447731 a prime number?
False
Is 240295639 composite?
True
Is 753719 composite?
False
Is 19147 composite?
True
Is 42949453 composite?
False
Is 8606291 composite?
True
Is 126444047 a composite number?
False
Is 4441187 prime?
True
Is 3849299 a prime number?
True
Is 11441431 a prime number?
False
Is 16501447 prime?
False
Is 2905673 a composite number?
True
Is 70933463 composite?
False
Is 458161 composite?
True
Is 12526861 a composite number?
False
Is 9586459 a prime number?
True
Is 7782067 composite?
False
Is 1740461 a composite number?
False
Is 6594457 a composite number?
False
Is 32746541 composite?
False
Is 188742473 a prime number?
True
Is 388995419 a prime number?
True
Is 2847127 a prime number?
True
Is 119872363 composite?
True
Is 718667 a composite number?
True
Is 4592603 a prime number?
False
Is 251230423 composite?
False
Is 131981897 a composite number?
True
Is 107170919 a prime number?
True
Is 612021 prime?
False
Is 126132793 a prime number?
False
Is 12103493 a prime number?
True
Is 36785227 a prime number?
True
Is 98866851 a composite number?
True
Is 221535067 prime?
False
Is 22530953 prime?
True
Is 112811 a prime number?
False
Is 1063983 a composite number?
True
Is 24521819 prime?
False
Is 3013751 composite?
True
Is 64085345 a composite number?
True
Is 18134161 composite?
False
Is 131326721 a prime number?
True
Is 36373633 prime?
False
Is 323100709 a prime number?
False
Is 36522877 a composite number?
False
Is 121487 prime?
True
Is 2483447 a composite number?
False
Is 858373 composite?
False
Is 894401543 a composite number?
True
Is 7083491 prime?
False
Is 137211337 a composite number?
False
Is 2112907 a composite number?
True
Is 41888194 a composite number?
True
Is 1902371 a prime number?
False
Is 12428081 a composite number?
True
Is 815316463 prime?
False
Is 3897967 composite?
False
Is 55466 prime?
False
Is 25394441 a composite number?
False
Is 159020621 a composite number?
False
Is 34385729 composite?
True
Is 4825235 composite?
True
Is 161629 prime?
False
Is 1029109 composite?
False
Is 593041 a composite number?
False
Is 518963 a prime number?
False
Is 170283481 a prime number?
True
Is 19069367 prime?
False
Is 9599537 a prime number?
True
Is 1710895 prime?
False
Is 177519697 composite?
False
Is 1098157 prime?
False
Is 1508071 prime?
False
Is 784247 composite?
True
Is 148781783 composite?
False
Is 12545521 a prime number?
True
Is 4634173 composite?
False
Is 3453067 a prime number?
False
Is 67885093 a composite number?
True
Is 11450669 prime?
True
Is 10421135 a composite number?
True
Is 672142897 a composite number?
False
Is 26945909 composite?
True
Is 2230939 prime?
True
Is 963266 composite?
True
Is 217203047 a prime number?
True
Is 393123461 prime?
True
Is 41362138 a composite number?
True
Is 133317859 a composite number?
True
Is 245449253 a prime number?
False
Is 9451139 composite?
False
Is 299351141 a prime number?
False
Is 168686281 prime?
True
Is 167831473 composite?
False
Is 1006801 prime?
False
Is 240606053 a prime number?
False
Is 19318751 composite?
False
Is 242058023 a prime number?
True
Is 409229 a prime number?
False
Is 1611431 a composite number?
True
Is 808547 composite?
True
Is 20687 a prime number?
False
Is 2576807 a composite number?
True
Is 59212667 a composite number?
False
Is 19930046 a prime number?
False
Is 7191739 composite?
True
Is 51377719 a prime number?
False
Is 46905869 a composite number?
True
Is 8387807 composite?
False
Is 2184497 prime?
False
Is 1988737 a composite number?
True
Is 36041041 a composite number?
False
Is 22788851 a composite number?
False
Is 286490441 a composite number?
True
Is 48064109 composite?
True
Is 447871 prime?
False
Is 1482506 prime?
False
Is 677783399 composite?
False
Is 68617597 composite?
True
Is 81770263 a composite number?
True
Is 69588949 a composite number?
False
Is 7656559 prime?
False
Is 151506281 a composite number?
False
Is 76441331 composite?
True
Is 10459087 a prime number?
True
Is 2891551235 a composite number?
True
Is 144337421 a composite number?
False
Is 1443566 prime?
False
Is 2361379 composite?
False
Is 2789993 composite?
False
Is 1210841 a prime number?
False
Is 481844179 composite?
False
Is 17509711 a prime number?
False
Is 785650579 prime?
False
Is 15370517 a composite number?
False
Is 209477207 prime?
True
Is 2326585 prime?
False
Is 12716773 a prime number?
True
Is 15006935 composite?
True
Is 1594763 composite?
False
Is 2118263 prime?
False
Is 444215 a composite number?
True
Is 1912849 prime?
False
Is 5542099 a composite number?
True
Is 8901511 a prime number?
True
Is 2036261 prime?
False
Is 7668902 a prime number?
False
Is 14230301 a composite number?
False
Is 354917 prime?
False
Is 463273 a composite number?
True
Is 1926583 prime?
False
Is 118339231 a composite number?
False
Is 1222583 a prime number?
True
Is 1031077 a prime number?
False
Is 10646849 a composite number?
True
Is 5335235 a prime number?
False
Is 849123443 composite?
True
Is 13802731 composite?
True
Is 243553 prime?
True
Is 3006827 a prime number?
True
Is 3707947 composite?
False
Is 39569063 a composite number?
True
Is 7737637 composite?
True
Is 5159581 prime?
False
Is 2356823 composite?
True
Is 105127151 prime?
True
Is 27660383 a composite number?
True
Is 15035933 prime?
False
Is 57597693 composite?
True
Is 2271589 a prime number?
False
Is 40200133 prime?
True
Is 9639211 a composite number?
True
Is 10102597 prime?
True
Is 15309473 a prime number?
True
Is 882955 a composite number?
True
Is 171673357 prime?
False
Is 3242999 prime?
True
Is 7629809 prime?
False
Is 82167011 prime?
False
Is 9732614 composite?
True
Is 1029103 composite?
False
Is 1972193297 a prime number?
True
Is 78565093 composite?
False
Is 148361423 a composite number?
True
Is 39052639 prime?
True
Is 136804297 prime?
False
Is 285881 a composite number?
True
Is 25799635 a prime number?
False
Is 178633281 prime?
False
Is 4289099 a composite number?
False
Is 1983959 composite?
True
Is 556877 composite?
True
Is 3274241 a composite number?
True
Is 48722017 prime?
False
Is 33400289 a composite number?
True
Is 50371801 prime?
True
Is 36667 composite?
True
Is 4426777 prime?
True
Is 2181367 prime?
False
Is 19679603 a prime number?
False
Is 6499939 prime?
True
Is 14652083 a composite number?
True
Is 144200891 prime?
False
Is 2841365 prime?
False
Is 53385281 a prime number?
True
Is 47433713 a prime number?
False
Is 75452383 a prime number?
False
Is 3206009 composite?
False
Is 13310483 a composite number?
False
Is 1990073 composite?
True
Is 120460029 composite?
True
Is 26118659 composite?
True
Is 23073449 prime?
False
Is 53304269 a prime number?
True
Is 1763537 prime?
False
Is 263319213 a prime number?
False
Is 151337 a composite number?
False
Is 241554314 prime?
False
Is 1441639 a composite number?
True
Is 86017397 composite?
False
Is 2021986 a prime number?
False
Is 14676703 a prime number?
True
Is 5857031 a prime number?
True
Is 16134779 a composite number?
False
Is 3375047 a prime number?
False
Is 9846139 a prime number?
False
Is 45398615 prime?
False
Is 42053995 a composite number?
True
Is 92257601 a prime number?
True
Is 5526077 a prime number?
True
Is 99304943 a prime nu